00485?
4
What is the hundred thousands digit of 2076859?
0
What is the hundreds digit of 30997028?
0
What is the tens digit of 1876677?
7
What is the millions digit of 3269103?
3
What is the hundred thousands digit of 30317936?
3
What is the thousands digit of 529140?
9
What is the hundred thousands digit of 800445?
8
What is the ten thousands digit of 432557?
3
What is the ten thousands digit of 10585248?
8
What is the tens digit of 595580?
8
What is the ten thousands digit of 508390?
0
What is the units digit of 101434?
4
What is the tens digit of 136085?
8
What is the hundred thousands digit of 155166?
1
What is the hundreds digit of 308644?
6
What is the thousands digit of 668988?
8
What is the tens digit of 1978395?
9
What is the tens digit of 4191707?
0
What is the hundreds digit of 918400?
4
What is the thousands digit of 2716480?
6
What is the thousands digit of 8131342?
1
What is the tens digit of 34972878?
7
What is the millions digit of 3132004?
3
What is the hundred thousands digit of 476348?
4
What is the millions digit of 1087631?
1
What is the ten thousands digit of 1597270?
9
What is the ten thousands digit of 8915004?
1
What is the millions digit of 7858250?
7
What is the hundreds digit of 510846?
8
What is the hundreds digit of 5226948?
9
What is the ten thousands digit of 3231360?
3
What is the units digit of 1549573?
3
What is the tens digit of 184914?
1
What is the hundred thousands digit of 597732?
5
What is the hundreds digit of 2898449?
4
What is the ten thousands digit of 9687858?
8
What is the thousands digit of 1487436?
7
What is the ten thousands digit of 457104?
5
What is the thousands digit of 32832702?
2
What is the thousands digit of 190312?
0
What is the tens digit of 249179?
7
What is the tens digit of 2511184?
8
What is the hundred thousands digit of 171999?
1
What is the hundred thousands digit of 4774115?
7
What is the hundreds digit of 3923227?
2
What is the tens digit of 335045?
4
What is the hundred thousands digit of 100227?
1
What is the tens digit of 8458010?
1
What is the hundreds digit of 1057129?
1
What is the hundreds digit of 26182114?
1
What is the thousands digit of 461448?
1
What is the tens digit of 351107?
0
What is the millions digit of 1848702?
1
What is the millions digit of 18345652?
8
What is the ten millions digit of 18425976?
1
What is the hundred thousands digit of 1391363?
3
What is the units digit of 2375625?
5
What is the hundred thousands digit of 372548?
3
What is the thousands digit of 5130?
5
What is the ten millions digit of 19793882?
1
What is the thousands digit of 3188107?
8
What is the millions digit of 1398031?
1
What is the tens digit of 20979391?
9
What is the millions digit of 1621321?
1
What is the thousands digit of 6087356?
7
What is the tens digit of 153848?
4
What is the hundred thousands digit of 6902784?
9
What is the ten thousands digit of 1853040?
5
What is the thousands digit of 5671898?
1
What is the millions digit of 8157470?
8
What is the hundreds digit of 169253?
2
What is the ten thousands digit of 17034630?
3
What is the tens digit of 561885?
8
What is the units digit of 66790?
0
What is the hundreds digit of 24455?
4
What is the ten thousands digit of 626319?
2
What is the thousands digit of 154494?
4
What is the tens digit of 220869?
6
What is the thousands digit of 431025?
1
What is the thousands digit of 637461?
7
What is the hundred thousands digit of 1532585?
5
What is the units digit of 7106189?
9
What is the thousands digit of 2519572?
9
What is the units digit of 2144582?
2
What is the thousands digit of 953240?
3
What is the ten thousands digit of 151504?
5
What is the thousands digit of 2440093?
0
What is the thousands digit of 400697?
0
What is the hundred thousands digit of 522220?
5
What is the thousands digit of 32495?
2
What is the units digit of 194958?
8
What is the thousands digit of 4654317?
4
What is the millions digit of 14868279?
4
What is the units digit of 8654?
4
What is the thousands digit of 292125?
2
What is the tens digit of 7746746?
4
What is the tens digit of 585563?
6
What is the ten thousands digit of 511209?
1
What is the tens digit of 42841?
4
What is the ten millions digit of 20527648?
2
What is the ten millions digit of 26477292?
2
What is the hundred thousands digit of 594778?
5
What is the units digit of 17634211?
1
What is the tens digit of 27263824?
2
What is the hundreds digit of 26072994?
9
What is the ten thousands digit of 17185581?
8
What is the units digit of 80318?
8
What is the hundreds digit of 16910102?
1
What is the hundred thousands digit of 36037206?
0
What is the hundred thousands digit of 11800621?
8
What is the units digit of 1060619?
9
What is the hundreds digit of 415932?
9
What is the hundred thousands digit of 1795060?
7
What is the tens digit of 68446?
4
What is the thousands digit of 2042104?
2
What is the units digit of 2431004?
4
What is the millions digit of 11148770?
1
What is the tens digit of 402035?
3
What is the tens digit of 1221747?
4
What is the thousands digit of 98709?
8
What is the ten thousands digit of 14469177?
6
What is the tens digit of 3214795?
9
What is the thousands digit of 24061236?
1
What is the millions digit of 3677781?
3
What is the thousands digit of 7253153?
3
What is the hundred thousands digit of 164070?
1
What is the hundreds digit of 2505372?
3
What is the ten thousands digit of 461720?
6
What is the hundred thousands digit of 198999?
1
What is the thousands digit of 24981924?
1
What is the units digit of 872168?
8
What is the tens digit of 476606?
0
What is the units digit of 3055279?
9
What is the units digit of 16800887?
7
What is the thousands digit of 1068651?
8
What is the millions digit of 6964227?
6
What is the ten thousands digit of 1599397?
9
What is the ten thousands digit of 1250803?
5
What is the ten thousands digit of 616136?
1
What is the hundred thousands digit of 124210?
1
What is the ten thousands digit of 82328?
8
What is the millions digit of 6154256?
6
What is the hundred thousands digit of 2360048?
3
What is the units digit of 711403?
3
What is the units digit of 124714?
4
What is the tens digit of 11603275?
7
What is the units digit of 24992815?
5
What is the units digit of 3341338?
8
What is the hundreds digit of 1271707?
7
What is the tens digit of 869?
6
What is the units digit of 6568191?
1
What is the thousands digit of 404987?
4
What is the tens digit of 1783561?
6
What is the tens digit of 636563?
6
What is the units digit of 76461?
1
What is the thousands digit of 3595?
3
What is the units digit of 113921?
1
What is the ten thousands digit of 14372061?
7
What is the millions digit of 12016237?
2
What is the thousands digit of 527354?
7
What is the units digit of 5015898?
8
What is the hundreds digit of 3974590?
5
What is the units digit of 811301?
1
What is the tens digit of 15450507?
0
What is the ten thousands digit of 32044?
3
What is the tens digit of 209429?
2
What is the thousands digit of 906778?
6
What is the hundreds digit of 12131710?
7
What is the thousands digit of 119240?
9
What is the hundreds digit of 882680?
6
What is the tens digit of 615717?
1
What is the hundred thousands digit of 3607828?
6
What is the units digit of 23857908?
8
What is the hundred thousands digit of 108749?
1
What is the units digit of 3602993?
3
What is the hundred thousands digit of 6690440?
6
What is the units digit of 598710?
0
What is the tens digit of 809432?
3
What is the hundred thousands digit of 2011309?
0
What is the hundred thousands digit of 263680?
2
What is the hundreds digit of 1981728?
7
What is the hundred thousands digit of 1807692?
8
What is the thousands digit of 4750052?
0
What is the units digit of 572020?
0
What is the hundreds digit of 434233?
2
What is the hundreds digit of 1206741?
7
What is the thousands digit of 680750?
0
What is the thousands digit of 3356316?
6
What is the ten thousands digit of 5750665?
5
What is the ten thousands digit of 3816897?
1
What is the hundreds digit of 5082322?
3
What is the hundred thousands digit of 1648384?
6
What is the ten thousands digit of 2188961?
8
What is the tens digit of 15888574?
7
What is the hundred thousands digit of 8968965?
9
What is the tens digit of 14062